{"id":2,"date":"2014-08-28T13:24:12","date_gmt":"2014-08-28T13:24:12","guid":{"rendered":"http:\/\/www.tenis-mesa.com\/?page_id=2"},"modified":"2015-07-26T21:08:39","modified_gmt":"2015-07-26T21:08:39","slug":"acerca-de","status":"publish","type":"page","link":"http:\/\/www.tenis-mesa.com\/tenis-mesa.com\/acerca-de","title":{"rendered":"Acerca de"},"content":{"rendered":"<p>Para quienes los que hacemos Tenis-Mesa.com, el tenis de mesa es nuestra filosof\u00eda, disfrutamos con todo lo relacionado al tenis de mesa y todo lo que lo rodea, pero sobre todo nos gusta estar en contacto con personas que, como t\u00fa, tambi\u00e9n disfrutan de este magnifico deporte.<\/p>\n<p>Si puedes participar de alg\u00fan modo con esta p\u00e1gina web, o si crees que puedes colaborar proponiendo cualquier contenido a los usuarios de este blog, no dudes en contactar con nosotros rellenando el\u00a0 formulario de contacto, estaremos encantados de saber de ti.<\/p>\n","protected":false},"excerpt":{"rendered":"<p>Para quienes los que hacemos Tenis-Mesa.com, el tenis de mesa es nuestra filosof\u00eda, disfrutamos con todo lo relacionado al tenis de mesa y todo lo que lo rodea, pero sobre todo nos gusta estar en contacto con personas que, como t\u00fa, tambi\u00e9n disfrutan de este magnifico deporte. Si puedes participar de alg\u00fan modo con esta [&hellip;]<\/p>\n","protected":false},"author":1,"featured_media":0,"parent":0,"menu_order":0,"comment_status":"open","ping_status":"open","template":"","meta":{"footnotes":""},"class_list":["post-2","page","type-page","status-publish","hentry"],"yoast_head":"<!-- This site is optimized with the Yoast SEO plugin v23.7 - https:\/\/yoast.com\/wordpress\/plugins\/seo\/ -->\n<title>Acerca de - Tenis-Mesa<\/title>\n<meta name=\"robots\" content=\"index, follow, max-snippet:-1, max-image-preview:large, max-video-preview:-1\" \/>\n<link rel=\"canonical\" href=\"https:\/\/www.tenis-mesa.com\/tenis-mesa.com\/acerca-de\" \/>\n<meta property=\"og:locale\" content=\"es_ES\" \/>\n<meta property=\"og:type\" content=\"article\" \/>\n<meta property=\"og:title\" content=\"Acerca de - Tenis-Mesa\" \/>\n<meta property=\"og:description\" content=\"Para quienes los que hacemos Tenis-Mesa.com, el tenis de mesa es nuestra filosof\u00eda, disfrutamos con todo lo relacionado al tenis de mesa y todo lo que lo rodea, pero sobre todo nos gusta estar en contacto con personas que, como t\u00fa, tambi\u00e9n disfrutan de este magnifico deporte. Si puedes participar de alg\u00fan modo con esta [&hellip;]\" \/>\n<meta property=\"og:url\" content=\"https:\/\/www.tenis-mesa.com\/tenis-mesa.com\/acerca-de\" \/>\n<meta property=\"og:site_name\" content=\"Tenis-Mesa\" \/>\n<meta property=\"article:modified_time\" content=\"2015-07-26T21:08:39+00:00\" \/>\n<meta name=\"twitter:card\" content=\"summary_large_image\" \/>\n<script type=\"application\/ld+json\" class=\"yoast-schema-graph\">{\"@context\":\"https:\/\/schema.org\",\"@graph\":[{\"@type\":\"WebPage\",\"@id\":\"https:\/\/www.tenis-mesa.com\/tenis-mesa.com\/acerca-de\",\"url\":\"https:\/\/www.tenis-mesa.com\/tenis-mesa.com\/acerca-de\",\"name\":\"Acerca de - Tenis-Mesa\",\"isPartOf\":{\"@id\":\"http:\/\/www.tenis-mesa.com\/tenis-mesa.com\/#website\"},\"datePublished\":\"2014-08-28T13:24:12+00:00\",\"dateModified\":\"2015-07-26T21:08:39+00:00\",\"breadcrumb\":{\"@id\":\"https:\/\/www.tenis-mesa.com\/tenis-mesa.com\/acerca-de#breadcrumb\"},\"inLanguage\":\"es\",\"potentialAction\":[{\"@type\":\"ReadAction\",\"target\":[\"https:\/\/www.tenis-mesa.com\/tenis-mesa.com\/acerca-de\"]}]},{\"@type\":\"BreadcrumbList\",\"@id\":\"https:\/\/www.tenis-mesa.com\/tenis-mesa.com\/acerca-de#breadcrumb\",\"itemListElement\":[{\"@type\":\"ListItem\",\"position\":1,\"name\":\"Portada\",\"item\":\"http:\/\/www.tenis-mesa.com\/tenis-mesa.com\/\"},{\"@type\":\"ListItem\",\"position\":2,\"name\":\"Acerca de\"}]},{\"@type\":\"WebSite\",\"@id\":\"http:\/\/www.tenis-mesa.com\/tenis-mesa.com\/#website\",\"url\":\"http:\/\/www.tenis-mesa.com\/tenis-mesa.com\/\",\"name\":\"Tenis-Mesa\",\"description\":\"Todo el ping pong a tu alcance\",\"publisher\":{\"@id\":\"http:\/\/www.tenis-mesa.com\/tenis-mesa.com\/#organization\"},\"potentialAction\":[{\"@type\":\"SearchAction\",\"target\":{\"@type\":\"EntryPoint\",\"urlTemplate\":\"http:\/\/www.tenis-mesa.com\/tenis-mesa.com\/?s={search_term_string}\"},\"query-input\":{\"@type\":\"PropertyValueSpecification\",\"valueRequired\":true,\"valueName\":\"search_term_string\"}}],\"inLanguage\":\"es\"},{\"@type\":\"Organization\",\"@id\":\"http:\/\/www.tenis-mesa.com\/tenis-mesa.com\/#organization\",\"name\":\"Tenis-Mesa\",\"url\":\"http:\/\/www.tenis-mesa.com\/tenis-mesa.com\/\",\"logo\":{\"@type\":\"ImageObject\",\"inLanguage\":\"es\",\"@id\":\"http:\/\/www.tenis-mesa.com\/tenis-mesa.com\/#\/schema\/logo\/image\/\",\"url\":\"http:\/\/www.tenis-mesa.com\/tenis-mesa.com\/wp-content\/uploads\/2015\/08\/tm-144.png\",\"contentUrl\":\"http:\/\/www.tenis-mesa.com\/tenis-mesa.com\/wp-content\/uploads\/2015\/08\/tm-144.png\",\"width\":144,\"height\":144,\"caption\":\"Tenis-Mesa\"},\"image\":{\"@id\":\"http:\/\/www.tenis-mesa.com\/tenis-mesa.com\/#\/schema\/logo\/image\/\"}}]}<\/script>\n<!-- \/ Yoast SEO plugin. -->","yoast_head_json":{"title":"Acerca de - Tenis-Mesa","robots":{"index":"index","follow":"follow","max-snippet":"max-snippet:-1","max-image-preview":"max-image-preview:large","max-video-preview":"max-video-preview:-1"},"canonical":"https:\/\/www.tenis-mesa.com\/tenis-mesa.com\/acerca-de","og_locale":"es_ES","og_type":"article","og_title":"Acerca de - Tenis-Mesa","og_description":"Para quienes los que hacemos Tenis-Mesa.com, el tenis de mesa es nuestra filosof\u00eda, disfrutamos con todo lo relacionado al tenis de mesa y todo lo que lo rodea, pero sobre todo nos gusta estar en contacto con personas que, como t\u00fa, tambi\u00e9n disfrutan de este magnifico deporte. Si puedes participar de alg\u00fan modo con esta [&hellip;]","og_url":"https:\/\/www.tenis-mesa.com\/tenis-mesa.com\/acerca-de","og_site_name":"Tenis-Mesa","article_modified_time":"2015-07-26T21:08:39+00:00","twitter_card":"summary_large_image","schema":{"@context":"https:\/\/schema.org","@graph":[{"@type":"WebPage","@id":"https:\/\/www.tenis-mesa.com\/tenis-mesa.com\/acerca-de","url":"https:\/\/www.tenis-mesa.com\/tenis-mesa.com\/acerca-de","name":"Acerca de - Tenis-Mesa","isPartOf":{"@id":"http:\/\/www.tenis-mesa.com\/tenis-mesa.com\/#website"},"datePublished":"2014-08-28T13:24:12+00:00","dateModified":"2015-07-26T21:08:39+00:00","breadcrumb":{"@id":"https:\/\/www.tenis-mesa.com\/tenis-mesa.com\/acerca-de#breadcrumb"},"inLanguage":"es","potentialAction":[{"@type":"ReadAction","target":["https:\/\/www.tenis-mesa.com\/tenis-mesa.com\/acerca-de"]}]},{"@type":"BreadcrumbList","@id":"https:\/\/www.tenis-mesa.com\/tenis-mesa.com\/acerca-de#breadcrumb","itemListElement":[{"@type":"ListItem","position":1,"name":"Portada","item":"http:\/\/www.tenis-mesa.com\/tenis-mesa.com\/"},{"@type":"ListItem","position":2,"name":"Acerca de"}]},{"@type":"WebSite","@id":"http:\/\/www.tenis-mesa.com\/tenis-mesa.com\/#website","url":"http:\/\/www.tenis-mesa.com\/tenis-mesa.com\/","name":"Tenis-Mesa","description":"Todo el ping pong a tu alcance","publisher":{"@id":"http:\/\/www.tenis-mesa.com\/tenis-mesa.com\/#organization"},"potentialAction":[{"@type":"SearchAction","target":{"@type":"EntryPoint","urlTemplate":"http:\/\/www.tenis-mesa.com\/tenis-mesa.com\/?s={search_term_string}"},"query-input":{"@type":"PropertyValueSpecification","valueRequired":true,"valueName":"search_term_string"}}],"inLanguage":"es"},{"@type":"Organization","@id":"http:\/\/www.tenis-mesa.com\/tenis-mesa.com\/#organization","name":"Tenis-Mesa","url":"http:\/\/www.tenis-mesa.com\/tenis-mesa.com\/","logo":{"@type":"ImageObject","inLanguage":"es","@id":"http:\/\/www.tenis-mesa.com\/tenis-mesa.com\/#\/schema\/logo\/image\/","url":"http:\/\/www.tenis-mesa.com\/tenis-mesa.com\/wp-content\/uploads\/2015\/08\/tm-144.png","contentUrl":"http:\/\/www.tenis-mesa.com\/tenis-mesa.com\/wp-content\/uploads\/2015\/08\/tm-144.png","width":144,"height":144,"caption":"Tenis-Mesa"},"image":{"@id":"http:\/\/www.tenis-mesa.com\/tenis-mesa.com\/#\/schema\/logo\/image\/"}}]}},"_links":{"self":[{"href":"http:\/\/www.tenis-mesa.com\/tenis-mesa.com\/wp-json\/wp\/v2\/pages\/2"}],"collection":[{"href":"http:\/\/www.tenis-mesa.com\/tenis-mesa.com\/wp-json\/wp\/v2\/pages"}],"about":[{"href":"http:\/\/www.tenis-mesa.com\/tenis-mesa.com\/wp-json\/wp\/v2\/types\/page"}],"author":[{"embeddable":true,"href":"http:\/\/www.tenis-mesa.com\/tenis-mesa.com\/wp-json\/wp\/v2\/users\/1"}],"replies":[{"embeddable":true,"href":"http:\/\/www.tenis-mesa.com\/tenis-mesa.com\/wp-json\/wp\/v2\/comments?post=2"}],"version-history":[{"count":6,"href":"http:\/\/www.tenis-mesa.com\/tenis-mesa.com\/wp-json\/wp\/v2\/pages\/2\/revisions"}],"predecessor-version":[{"id":677,"href":"http:\/\/www.tenis-mesa.com\/tenis-mesa.com\/wp-json\/wp\/v2\/pages\/2\/revisions\/677"}],"wp:attachment":[{"href":"http:\/\/www.tenis-mesa.com\/tenis-mesa.com\/wp-json\/wp\/v2\/media?parent=2"}],"curies":[{"name":"wp","href":"https:\/\/api.w.org\/{rel}","templated":true}]}}